*3 + 7*q**2. Determine w(-6).
32
Suppose -2152 + 2152 = 20*m. Let r(v) be the first derivative of v**2/2 - 7*v + 1. What is r(m)?
-7
Let h(f) = -2*f + 4. Let n(p) = -15*p + 11. Let q be n(1). Determine h(q).
12
Let c(j) be the second derivative of 2/3*j**4 + 1/20*j**5 - 3/2*j**2 + 44*j - 1/6*j**3 + 0. What is c(-8)?
5
Let i be 3/(1/(-2) + 1). Let f(x) = 2*x**2 - 6. Let k(a) = a**2 + 3*a - 7. Let p(l) = -2*f(l) + 3*k(l). Determine p(i).
9
Let a(h) = h**3 + h**2 + 2*h + 1. Let n be (-4)/12*-1*9. Suppose -n*d - 22 = -p + 35, 2*d + 30 = -2*p. Let q = d - -16. Give a(q).
-7
Let f(a) = -a + 11. Let p be f(12). Let n(u) = u**3 + 4*u**2 - 3*u - 3. Let h(k) = k**2 + k - 1. Let s(r) = p*h(r) + n(r). Calculate s(-3).
10
Let m(c) be the second derivative of -2/3*c**3 + 0*c**2 - 17*c + 0 - 1/12*c**4. What is m(-3)?
3
Let t(x) = -14*x**3 - 5*x**2 + 3*x + 9. Let f(p) = -16*p**3 - 4*p**2 + 2*p + 7. Let b(v) = 5*f(v) - 4*t(v). Determine b(-1).
25
Suppose -2*w - 24 = -5*w. Let j = 5 + w. Let u = j + -12. Let t(a) = 9*a + 1. Determine t(u).
10
Let g(u) = -5*u**2 - 2. Let j(p) = -14*p**2 - p - 6. Let h(l) = -11*g(l) + 4*j(l). Calculate h(-1).
1
Let d be (4/7)/((-1)/(-7)). Let i(q) = -q + 8. Give i(d).
4
Suppose 3 = -2*l + 7. Let o = -13 + 13. Let p be (-7)/(o + -1 + l). Let u(i) = -i - 1. Calculate u(p).
6
Let k(t) = -4*t - 2. Suppose 16 = -2121*b + 2125*b. Calculate k(b).
-18
Let h(m) be the second derivative of 1/3*m**3 - 10*m + 0 - 3/2*m**2. Give h(4).
5
Let o(y) = y**3 + 6*y**2 - y + 2. Let v be o(-6). Suppose -2*g = 2*l - 4, -2 - v = 4*g - 5*l. Let j(h) = h**2 + 9*h**3 + 0*h - 6 - 8*h**3 + h. What is j(g)?
-6
Let x(q) = 4*q**2 - 10*q + 1. Let r(b) = -4*b**2 + 8*b. Let j(d) = -5*r(d) - 4*x(d). Calculate j(4).
60
Let i(c) = -c**2 + c - 4. Let g be 27/12*8/6. Let n be 2/g - (-5)/(-3). Let y = -1 - n. What is i(y)?
-4
Let l(p) = -p**2 + 16*p - 13. Suppose -r + 6 = -9. Let j be l(r). Let i(g) = -g + 64*g**3 - 63*g**3 + g**j + 5*g**2 + 3. Give i(-6).
9
Let c(o) = -o + 1. Let w(z) = -z**2 - 5*z + 4. Let j = -8 - -14. Let v(g) = j*c(g) - w(g). Let a(k) = k + 7. Let u be a(-7). Give v(u).
2
Suppose -49 = 3*l - 58. Let v(u) be the first derivative of -5/3*u**3 + l - 1/4*u**4 - 3/2*u**2 + u. Determine v(-4).
-3
Let r(t) = -t - 5. Let f(m) = -m**2 + 23*m - 126. Let j be f(10). Determine r(j).
-9
Suppose -l = -3*l + 12. Suppose y - 6 = -3*t - 3*y, -2*y = l. Let h(p) = p**3 - 5*p**2 - 5*p - 4. Give h(t).
2
Let f(q) be the first derivative of -17 - 3/2*q**2 + q**3 - q. Determine f(-2).
17
Let q(s) = -5*s**3 + s**2 + s + 7. Let f(m) = -m**3 + 1. Let a(v) = -6*f(v) + q(v). Give a(-2).
-5
Let q(z) be the second derivative of -z**3/3 + 3*z**2 - 2*z. Suppose 28 = 4*n - 4*l, l + 6 - 7 = -n. Give q(n).
-2
Suppose -2*r - 10 = 2*u, -13*u - 6*r = -14*u - 5. Suppose -3*h + 21 = 3*d, 3*h = -2*d - 4 + 20. Let n(y) = y**3 + 3 - 2*y**3 + 3 + d*y - 4*y**2. What is n(u)?
6
Let x(f) = -f + 3*f - 7 + 7*f - f - 6*f. Calculate x(6).
5
Let w(m) = 405 + 417 + 2*m - 828. Let u = -6 + 10. Suppose -j + 4 + 1 = u*v, 3*v = -4*j + 20. Determine w(j).
4
Let b(u) = -2*u**3 + 3*u**2 + u - 2. Suppose 0 = -0*m - 5*m - 130. Let r be 112/52 - (-4)/m. Calculate b(r).
-4
Let h(c) = -11168*c**2 + 2*c - 4*c**3 + c**3 - 4*c + 11170*c**2 - 3 + 4*c**3. Determine h(-1).
0
Let w be (-48)/27 + 2 + (-112)/18. Let a(m) = m + 3. What is a(w)?
-3
Let t(x) = 8 + 11 - 25*x**2 + 4 - 22 + 2*x. Calculate t(-1).
-26
Let p(d) = 169*d - 677. Let l be p(4). Let j(m) = -m**2 + 1 - 2 - 4*m + 3*m + 13*m**3. Give j(l).
-14
Let t(g) = g + 7. Let p(k) = 8*k + 33. Let h be p(-5). Determine t(h).
0
Let l(j) = 5*j**3 - 4*j**2 - 4*j + 10. Let k(f) = -f**3 + f**2 + f - 2. Let a(h) = 11*k(h) + 2*l(h). Let z(x) = -x**2 + 6*x + 3. Let u be z(6). Give a(u).
7
Let f(l) be the second derivative of 1/120*l**5 + 0*l**2 + 0 - 3*l + 5/24*l**4 + l**3. Let u(v) be the second derivative of f(v). Calculate u(-5).
0
Let g(k) be the second derivative of -k**4/6 - 2*k**3/3 + k**2 - 3*k. Let u be (28/21 - (-1)/(-3))*-4. Determine g(u).
-14
Let x(i) = 2 + 2*i - 1 - 1 + 1. Suppose 5*y = -3*q + q - 21, 4*y - 4*q + 28 = 0. Calculate x(y).
-9
Let z(u) be the second derivative of u**4/12 - u**3/2 + u**2 - 2*u. Let n(s) = s**2 + 20*s - 42. Suppose 141 = -5*t + 31. Let i be n(t). What is z(i)?
0
Let j = -49 + 49. Let l(o) = 4*o**2 + j + 3*o - o + 3 - 3*o**2. What is l(-3)?
6
Suppose 3*j + 14 = -5*h + j, 5*h + 3*j = -11. Let k be ((0 - h) + 2)/(-1). Let i(g) be the third derivative of -g**4/24 - 5*g**3/3 - g**2. Give i(k).
-4
Let d(q) = q - 2. Let o be d(-3). Let a(j) = j**2 + 5*j**2 - 6 + 2*j**2 - 7*j**2 + 4*j. Determine a(o).
-1
Let r(b) = b**2 + 5*b**2 - 2*b - 4*b**2 + b**3 + 4*b. Let w(v) = v**2 - 6*v - 18. Let d be w(8). Calculate r(d).
-4
Let f(c) = -11*c**2 + 4. Let l(j) = 7*j**2 - 2. Let d(b) = 5*f(b) + 8*l(b). Calculate d(-3).
13
Let p be (-1)/(-2)*(8 + -8). Suppose p*f - 8 = -4*f. Let c(n) = -5*n - f*n + 4*n**2 + 9*n - 3*n**2. Give c(-2).
0
Suppose -5*h - 15 = 10. Let r be (-2)/(-1) + 6 + h. Let q(w) = 6*w - r + 1 - 7*w. Give q(4).
-6
Let b = 271 + -265. Let m(s) be the second derivative of -s**3/6 + s**2 + 5*s. Calculate m(b).
-4
Let o = 4 + -9. Let b(d) = -6*d**2 - 7*d - 5 + 3*d + 11 - 6*d**3 + 5*d**3. Calculate b(o).
1
Let k(i) = 0*i**2 + 513*i - 502*i - i**2 - 15. Give k(10).
-5
Let r(b) = -2*b + 7. Suppose 9 = -3*w, 2*t - 4*w = -w + 83. Suppose 49 = 2*n + t. What is r(n)?
-5
Let w(n) = 2*n**3 + 18*n**2 - 20*n - 2. Let u be 60/9*201/(-134). Give w(u).
-2
Let o(c) = -c**3 + 14*c**2 - 2*c + 30. Let b be -1*14*(-7 + 6). What is o(b)?
2
Let x(q) be the second derivative of q**4/12 + 7*q**3/6 - 5*q**2 - 2*q + 90. Give x(-8).
-2
Let n(w) be the second derivative of w**7/1260 - w**6/240 - w**5/40 - w**4/12 - 13*w. Let s(i) be the third derivative of n(i). What is s(3)?
6
Let h(a) = -5*a**2 + 4*a + 8. Let n(r) = 11*r**2 - 9*r - 17. Let w(p) = -13*h(p) - 6*n(p). Suppose -2*x + 0 - 2 = 0. Let o be (x/(-2))/(4/24). Calculate w(o).
-5
Let h(c) = c + 4*c - 13*c + 4*c + 3*c - 2. Let m be ((-2)/3)/((-1)/(-6)). What is h(m)?
2
Let f = -2 - 0. Let o(p) be the first derivative of -p**5/20 + p**4/24 - 20*p**3/3 + 6. Let a(z) be the third derivative of o(z). Determine a(f).
13
Let l(o) = 4*o - 2. Let r(t) = -18*t - 9. Let k(p) = 4*l(p) + r(p). What is k(-11)?
5
Let k(v) be the second derivative of -v**4/6 - v**3/2 + 5*v**2/2 - 108*v. Calculate k(-4).
-15
Let y(s) = -2*s**2 - s + 2. Let r(q) = -q**3 + 10*q**2 - 8*q - 9. Let j be r(9). Suppose -2*u + p - 3 = -j, 0 = -5*u + p. Suppose -3 - u = -2*d. What is y(d)?
-8
Let u = -2 - -20. Let o = 12 - u. Let t(i) be the third derivative of i**5/60 + 5*i**4/24 - i**3/2 + 6*i**2. Calculate t(o).
3
Let o be (-115)/(-35) + (-2)/7. Let x(a) = -4 + a - 4*a**2 + a**o + 7*a**3 + 0*a - 7*a**3. What is x(4)?
0
Let f(c) = 11*c - 6. Let k(b) = 20*b - 12. Let s(p) = -7*f(p) + 4*k(p). Determine s(3).
3
Let h(y) = -2 - y + 0*y - 2. Let n = -33 + 41. Suppose p + 10 = n. Give h(p).
-2
Let z(g) = g**2 - 5*g - 12. Let l be z(7). Let f(c) = 0*c**2 + l*c**2 + 2 - 2*c + c**3 - 4*c**2. Let o be ((-6)/9)/((-6)/27). What is f(o)?
5
Let y(u) = -3*u**2 + 8*u - 2. Let g be y(-4). Let d = g + 82. Let l(v) = -v**2 - v + 9. Give l(d).
9
Let b(c) = 4 + 795*c + 3 - 794*c. What is b(-14)?
-7
Let g = 72 - 77. Let f(s) = 2*s**2 + 7*s + 3*s**2 - 4*s**2 + 4. What is f(g)?
-6
Let b(s) = -s**2 - 15*s + 26. Let g(l) = 4*l - 6. Let p(o) = 2*b(o) + 9*g(o). Calculate p(3).
-2
Let g(l) = -l**3 - l - 2. Let t(x) = -2*x**2 + 6*x. Let v be t(4). Let o be 4/(12/v - -1). Let w = o + 8. Determine g(w).
-2
Let h(d) = -4*d**3 - 5*d**2 + 4*d + 20. Let m(b) = 3*b**3 + 4*b**2 - 3*b - 19. Let q(c) = -4*h(c) - 5*m(c). What is q(0)?
15
Let h(i) be the third derivative of -i**5/60 - 7*i**4/24 - i**3 + 2*i**2 + 78*i. Determine h(-7).
-6
Let g(a) = -207 + 12*a**3 + 13*a**3 - 10*a**2 - 11*a + 201 - 26*a**3. Calculate g(-9).
12
Let f(t) = -12*t + 1. Suppose 20 = -4*l + 4*m, 4*l - 12 = 5*m - 9*m. What is f(l)?
13
Let c(z) = 54*z**3 + 24*z**2 - 2*z - 45. Let f(d) = 25*d**3 + 12*d**2 - d - 22. Let b(y) = -6*c(y) + 13*f(y). Calculate b(-12).
-4
Let l(t) = -23*t - t**2 - 3 - 5 + 20*t - 1 + 0. Calculate l(-6).
-27
Let p(b) be the second derivative of b**3/3 + 23*b**2/2 + 457*b. What is p(-11)?
1